{"id":276,"date":"2019-04-26T19:04:32","date_gmt":"2019-04-26T19:04:32","guid":{"rendered":"http:\/\/mainathlon.de\/?page_id=276"},"modified":"2025-06-26T12:32:20","modified_gmt":"2025-06-26T10:32:20","slug":"276-2","status":"publish","type":"page","link":"https:\/\/mainathlon.de\/home\/276-2\/","title":{"rendered":"FAQ"},"content":{"rendered":"<p>[et_pb_section fb_built=&#8220;1&#8243; _builder_version=&#8220;4.16&#8243; global_colors_info=&#8220;{}&#8220;][et_pb_row _builder_version=&#8220;4.16&#8243; global_colors_info=&#8220;{}&#8220;][et_pb_column type=&#8220;4_4&#8243; _builder_version=&#8220;4.16&#8243; custom_padding=&#8220;|||&#8220; global_colors_info=&#8220;{}&#8220; custom_padding__hover=&#8220;|||&#8220;][et_pb_text _builder_version=&#8220;4.16&#8243; text_font=&#8220;|700|||||||&#8220; text_text_color=&#8220;#7b0a03&#8243; text_font_size=&#8220;30px&#8220; text_letter_spacing=&#8220;2px&#8220; header_font=&#8220;||||||||&#8220; global_colors_info=&#8220;{}&#8220;]<\/p>\n<p>FAQ<\/p>\n<p>[\/et_pb_text][\/et_pb_column][\/et_pb_row][et_pb_row _builder_version=&#8220;4.27.2&#8243; custom_padding=&#8220;13px|||||&#8220; global_colors_info=&#8220;{}&#8220;][et_pb_column type=&#8220;4_4&#8243; _builder_version=&#8220;4.16&#8243; custom_padding=&#8220;|||&#8220; global_colors_info=&#8220;{}&#8220; custom_padding__hover=&#8220;|||&#8220;][et_pb_text _builder_version=&#8220;4.27.2&#8243; _module_preset=&#8220;default&#8220; text_text_color=&#8220;#000000&#8243; header_text_color=&#8220;#7F7F7F&#8220; header_3_text_color=&#8220;#7F7F7F&#8220; global_colors_info=&#8220;{}&#8220;]<\/p>\n<h3>Im Vorfeld:<\/h3>\n<p>[\/et_pb_text][et_pb_accordion _builder_version=&#8220;4.27.2&#8243; toggle_font=&#8220;|700|||||||&#8220; body_font=&#8220;||||||||&#8220; body_text_color=&#8220;#7f7f7f&#8220; global_colors_info=&#8220;{}&#8220; icon_color__hover_enabled=&#8220;on|hover&#8220; toggle_text_color__hover_enabled=&#8220;on|hover&#8220;][et_pb_accordion_item title=&#8220;Anmeldung&#8220; _builder_version=&#8220;4.27.2&#8243; _module_preset=&#8220;default&#8220; global_colors_info=&#8220;{}&#8220; open=&#8220;on&#8220;]<\/p>\n<p>Die Anmeldung ist ab dem 01.01.2025 <a href=\"https:\/\/api.maxx-timing.de\/showevents\/100\">hier<\/a> verf\u00fcgbar.\u00a0<\/p>\n<p>[\/et_pb_accordion_item][et_pb_accordion_item title=&#8220;Wie viele Teilnehmer ben\u00f6tige ich f\u00fcr eine Staffel?&#8220; icon_color=&#8220;#7f7f7f&#8220; _builder_version=&#8220;4.16&#8243; icon_color__hover=&#8220;#7b0a03&#8243; icon_color__hover_enabled=&#8220;on|hover&#8220; global_colors_info=&#8220;{}&#8220; toggle_text_color__hover_enabled=&#8220;on|hover&#8220; toggle_text_color__hover=&#8220;#474747&#8243; open=&#8220;off&#8220;]<\/p>\n<p>Eine Staffel wird i.d.R. aus drei Athleten gebildet. Es m\u00fcssen jedoch mindestens zwei Teilnehmer an den Start gehen (SpO \u00a753.2). Einer der Teilnehmer darf dabei auch zwei aufeinander folgende Strecken absolvieren. Nach \u00a7 53.3 d\u00fcrfen Jugendliche vor Vollendung des 18. Lebensjahres jedoch keine zwei Einzeldisziplinen nacheinander absolvieren!<\/p>\n<p>[\/et_pb_accordion_item][et_pb_accordion_item title=&#8220;Wie alt muss ich f\u00fcr eine Teilnahme sein?&#8220; open=&#8220;off&#8220; open_toggle_text_color=&#8220;#7f7f7f&#8220; closed_toggle_text_color=&#8220;#7f7f7f&#8220; icon_color=&#8220;#7f7f7f&#8220; _builder_version=&#8220;4.16&#8243; icon_color__hover=&#8220;#7b0a03&#8243; icon_color__hover_enabled=&#8220;on|hover&#8220; global_colors_info=&#8220;{}&#8220; toggle_text_color__hover_enabled=&#8220;on|hover&#8220; toggle_text_color__hover=&#8220;#474747&#8243;]<\/p>\n<p id=\"u125250-2\">Die Teilnahme am Staffelwettbewerb ist ab Jahrgang 2009 m\u00f6glich. Eine Teilnahme am Einzelwettbewerb ist mit vollendetem 18. Lebensjahr m\u00f6glich.<\/p>\n<p id=\"u125250-4\">Achtung: Bei der Teilnahme von Minderj\u00e4hrigen erfolgt die Ausgabe der Startunterlagen der gesamten Staffel nur an den Erziehungsberechtigten nach Unterzeichnung des Haftungsausschlusses und Vorlage der Ausweise!<\/p>\n<p>[\/et_pb_accordion_item][et_pb_accordion_item title=&#8220;Kann ich Teilnehmerdaten \u00e4ndern?&#8220; icon_color=&#8220;#7f7f7f&#8220; _builder_version=&#8220;4.16&#8243; icon_color__hover=&#8220;#7b0a03&#8243; icon_color__hover_enabled=&#8220;on|hover&#8220; global_colors_info=&#8220;{}&#8220; toggle_text_color__hover_enabled=&#8220;on|hover&#8220; toggle_text_color__hover=&#8220;#474747&#8243; open=&#8220;off&#8220;]<\/p>\n<p id=\"u125255-2\">Ja! Bis zum Ablauf der Voranmeldefrist ist ein \u00c4ndern der Teilnehmerdaten m\u00f6glich:<\/p>\n<p id=\"u125255-7\">Sie k\u00f6nnen Ihre Daten selbst \u00e4ndern indem Sie sich mit Ihrer E-Mail Adresse und dem von Ihnen vergebenen Passwort unter <a class=\"nonblock\" href=\"https:\/\/maxx-timing.de\"><span id=\"u125255-4\">https:\/\/maxx-timing.de<\/span><\/a> rechts oben einloggen.<\/p>\n<p>[\/et_pb_accordion_item][et_pb_accordion_item title=&#8220;Ich m\u00f6chte eine Jugendstaffel oder eine Firmenstaffel melden. Was muss ich beachten?&#8220; icon_color=&#8220;#7f7f7f&#8220; _builder_version=&#8220;4.16&#8243; icon_color__hover=&#8220;#7b0a03&#8243; icon_color__hover_enabled=&#8220;on|hover&#8220; global_colors_info=&#8220;{}&#8220; toggle_text_color__hover_enabled=&#8220;on|hover&#8220; toggle_text_color__hover=&#8220;#474747&#8243; open=&#8220;off&#8220;]<\/p>\n<p id=\"u125772-2\">Zur Teilnahme an der Wertungskategorie Sch\u00fcler*innnen-\/Jugendwertung sind Staffel-Teams berechtigt, welche aus drei minderj\u00e4hrigen Starter*innen (d.h. Jahrgang 2002 und j\u00fcnger) bestehen.<\/p>\n<p>Zur Teilnahme an der Wertungskategorie Firmenwertung sind Staffel-Teams berechtigt, aus deren Team-\/ Staffelname eindeutig die Firmenzugeh\u00f6rigkeit hervorgeht.<\/p>\n<p>Eine Teilnahme an der jeweiligen Sonderwertung ist durch aktive Zustimmung (Checkbox im Anmeldeformular) m\u00f6glich.<\/p>\n<p id=\"u125772-4\">Wichtig:<\/p>\n<p id=\"u125772-6\">Die Ausgabe der Startunterlagen einer Staffel mit Minderj\u00e4hrigen erfolgt erst, nachdem der\/ die Erziehungsberechtigte(n) vor Ort den Haftungsausschluss unterzeichnet hat\/ haben und die Ausweise des\/ der Erziehungsberechtigten und des Minderj\u00e4hrigen Teilnehmers zur Kopie vorliegen!<\/p>\n<p>[\/et_pb_accordion_item][et_pb_accordion_item title=&#8220;Kann ich meinen Startplatz stornieren?&#8220; icon_color=&#8220;#7f7f7f&#8220; _builder_version=&#8220;4.16&#8243; icon_color__hover=&#8220;#7b0a03&#8243; icon_color__hover_enabled=&#8220;on|hover&#8220; global_colors_info=&#8220;{}&#8220; toggle_text_color__hover_enabled=&#8220;on|hover&#8220; toggle_text_color__hover=&#8220;#474747&#8243; open=&#8220;off&#8220;]<\/p>\n<p>Ja, eine Stornierung ist m\u00f6glich. Details zur R\u00fcckerstattung k\u00f6nnen der Ausschreibung entnommen werden.<\/p>\n<p>Euren Stornoantrag k\u00f6nnt ihr direkt einreichen unter: <a href=\"https:\/\/support.maxx-timing.de\/\"><span style=\"text-decoration: underline; color: #0000ff;\">https:\/\/support.maxx-timing.de\/<\/span><\/a><\/p>\n<p>[\/et_pb_accordion_item][\/et_pb_accordion][et_pb_text _builder_version=&#8220;4.27.2&#8243; _module_preset=&#8220;default&#8220; text_text_color=&#8220;#7F7F7F&#8220; header_3_text_color=&#8220;#7F7F7F&#8220; global_colors_info=&#8220;{}&#8220;]<\/p>\n<h3>Am Tag des Triathlons:<\/h3>\n<p>[\/et_pb_text][et_pb_accordion _builder_version=&#8220;4.27.2&#8243; toggle_font=&#8220;|700|||||||&#8220; body_font=&#8220;||||||||&#8220; body_text_color=&#8220;#7f7f7f&#8220; global_colors_info=&#8220;{}&#8220; icon_color__hover_enabled=&#8220;on|hover&#8220; toggle_text_color__hover_enabled=&#8220;on|hover&#8220;][et_pb_accordion_item title=&#8220;Was muss ich bei der Abholung meiner Startunterlagen beachten?&#8220; open=&#8220;on&#8220; icon_color=&#8220;#7f7f7f&#8220; _builder_version=&#8220;4.16&#8243; icon_color__hover=&#8220;#7b0a03&#8243; icon_color__hover_enabled=&#8220;on|hover&#8220; global_colors_info=&#8220;{}&#8220; toggle_text_color__hover_enabled=&#8220;on|hover&#8220; toggle_text_color__hover=&#8220;#474747&#8243;]<\/p>\n<p id=\"u126478-2\">Zur Ausgabe der Startunterlagen ist von jedem Teilnehmer ein Haftungsausschluss zu unterzeichnen.<\/p>\n<p id=\"u126478-7\">Zur Ausgabe der Staffelunterlagen ist die Vorlage aller drei unterschriebener Haftungsausschl\u00fcsse notwendig. Sollten nicht alle drei Teilnehmer zur Abholung anwesend sein steht der Vordruck zum <span style=\"text-decoration: underline;\"><a href=\"https:\/\/mainathlon.de\/home\/296-2\/\">Download<\/a> <\/span>bereit. Bitte bringt diesen f\u00fcr alle Staffelmitglieder unterschrieben zur Abholung der Unterlagen mit.<\/p>\n<p>Unter Umst\u00e4nden muss jeder Teilnehmer zur Abholung der Unterlagen pers\u00f6nlich erscheinen. Bitte informiert euch vor der Veranstaltung hinsichtlich der Infektionsschutzma\u00dfnahmen des Hygienekonzept.<\/p>\n<p id=\"u126478-11\">Bei<span id=\"u126478-9\"> minderj\u00e4hrigen Startern<\/span> ist die Unterschrift eines Erziehungsberechtigten erforderlich und dem Vordruck eine Kopie des Personalausweises des Erziehungsberechtigten beizuf\u00fcgen.<\/p>\n<p>[\/et_pb_accordion_item][et_pb_accordion_item title=&#8220;Wie befestige ich den ProChip beim Triathlon?&#8220; icon_color=&#8220;#7f7f7f&#8220; _builder_version=&#8220;4.16&#8243; icon_color__hover=&#8220;#7b0a03&#8243; icon_color__hover_enabled=&#8220;on|hover&#8220; global_colors_info=&#8220;{}&#8220; toggle_text_color__hover_enabled=&#8220;on|hover&#8220; toggle_text_color__hover=&#8220;#474747&#8243; open=&#8220;off&#8220;]<\/p>\n<p>Der ProChip wird beim Triathlon am rechten oder linken Fu\u00dfgelenk mit einem Chipband befestigt. Wir empfehlen den Chip am linken Bein zu tragen, da rechts beim Radfahren das Kettenblatt ist.<\/p>\n<p>Staffeln geben den ProChip in der Wechselzone weiter.<\/p>\n<p>[\/et_pb_accordion_item][et_pb_accordion_item title=&#8220;Ben\u00f6tige ich ein bestimmtes Fahrrad f\u00fcr den mainathlon?&#8220; icon_color=&#8220;#7f7f7f&#8220; _builder_version=&#8220;4.16&#8243; icon_color__hover=&#8220;#7b0a03&#8243; icon_color__hover_enabled=&#8220;on|hover&#8220; global_colors_info=&#8220;{}&#8220; toggle_text_color__hover_enabled=&#8220;on|hover&#8220; toggle_text_color__hover=&#8220;#474747&#8243; open=&#8220;off&#8220;]<\/p>\n<p>Zugelassen sind alle handels\u00fcblichen Mountainbikes. Au\u00dferdem kann die Strecke mit einem Cyclocrosser oder Gravelbike absolviert werden. Die Reifenbreite muss jedoch mindestens 35 mm betragen. Des weiteren muss das Rad \u00fcber zwei voneinander unabh\u00e4ngige Bremseinrichtungen verf\u00fcgen. Au\u00dferdem m\u00fcssen die Lenkerenden geschlossen sein.<\/p>\n<p>[\/et_pb_accordion_item][et_pb_accordion_item title=&#8220;Tipps und Tricks&#8220; _builder_version=&#8220;4.27.2&#8243; _module_preset=&#8220;default&#8220; global_colors_info=&#8220;{}&#8220; open=&#8220;off&#8220;]<\/p>\n<p>Damit dem Triahtlonvergn\u00fcgen nichts im Weg steht, lohnt es sich, die Ausschreibung und den Zeitplan einige Tage vor dem Wettbewerb nochmals anzusehen.<\/p>\n<p>Wichtige Infos erhaltet ihr auch bei der verpflichtenden Wettkampfbesprechung.\u00a0<\/p>\n<p>[\/et_pb_accordion_item][et_pb_accordion_item title=&#8220;Sonstige Ausr\u00fcstung&#8220; _builder_version=&#8220;4.27.2&#8243; _module_preset=&#8220;default&#8220; global_colors_info=&#8220;{}&#8220; open=&#8220;off&#8220;]<\/p>\n<p>Der Einstieg in den Triathlon geht auch ohne s\u00fcndhaft teure Anschaffungen. Weder Einteiler noch Neoprenanzug sind hierf\u00fcr wichtig. Insbesondere in der Staffel kann jeder tragen womit er sich am wohlsten f\u00fchlt.<\/p>\n<p>Eine sinnvolle Erg\u00e4nzung stellt das Startnummernband dar, da diese beim Radfahren hinten und beim Laufen vorne getragen werden muss. Staffeln erhalten zwei Startnummern und k\u00f6nnen diese auch mit Sicherheitsnadeln am Trikot befestigen.<\/p>\n<p>[\/et_pb_accordion_item][\/et_pb_accordion][et_pb_text _builder_version=&#8220;4.27.2&#8243; _module_preset=&#8220;default&#8220; text_text_color=&#8220;#7F7F7F&#8220; header_3_text_color=&#8220;#7F7F7F&#8220; global_colors_info=&#8220;{}&#8220;]<\/p>\n<h3>Der Triathlon:<\/h3>\n<p>[\/et_pb_text][et_pb_accordion _builder_version=&#8220;4.27.2&#8243; toggle_font=&#8220;|700|||||||&#8220; body_font=&#8220;||||||||&#8220; body_text_color=&#8220;#7f7f7f&#8220; global_colors_info=&#8220;{}&#8220; icon_color__hover_enabled=&#8220;on|hover&#8220; toggle_text_color__hover_enabled=&#8220;on|hover&#8220;][et_pb_accordion_item title=&#8220;Einrichten der Wechselzone&#8220; open=&#8220;on&#8220; _builder_version=&#8220;4.27.2&#8243; _module_preset=&#8220;default&#8220; global_colors_info=&#8220;{}&#8220;]<\/p>\n<p>Vor dem ersten betreten der Wechselzone sind die Startnummern an Fahrrad (vorne links) und Helm (beidseitig) anzubringen.\u00a0<\/p>\n<p>Beim betreten der Wechselzone wird der Sitz des Helmes und die Tauglichkeit des Fahrrads \u00fcberpr\u00fcft (Lenkerenden m\u00fcssen bedeckt sein, Bremsen funktionieren, Reifenbreite min. 35 mm).<\/p>\n<p>Anschlie\u00dfend werden die R\u00e4der an die, mit den Startnummern gekennzeichneten Positionen geh\u00e4ngt.\u00a0<\/p>\n<p>Einzelstarter k\u00f6nnen nun Rad- und Laufausr\u00fcstung entweder am Rad oder in der bereitliegenden Box deponieren. Dabei sollten sie darauf achten, was zu welchem Zeitpunkt gebraucht wird.\u00a0<br \/>Zu beachten: Der Helm muss offen sein!<\/p>\n<p>[\/et_pb_accordion_item][et_pb_accordion_item title=&#8220;Schwimmen&#8220; icon_color=&#8220;#7f7f7f&#8220; _builder_version=&#8220;4.27.2&#8243; icon_color__hover=&#8220;#7b0a03&#8243; icon_color__hover_enabled=&#8220;on|hover&#8220; global_colors_info=&#8220;{}&#8220; toggle_text_color__hover_enabled=&#8220;on|hover&#8220; toggle_text_color__hover=&#8220;#474747&#8243; open=&#8220;off&#8220;]<\/p>\n<p id=\"u126478-2\">Die erste Disziplin ist das Schwimmen. Hier geht es 750 Meter durch einen str\u00f6mungslosen Nebenarm des Mains. Ob im Neoprenanzug geschwommen werden darf entscheidet sich kurz vor Start und wird bei der Wettkampbesprechung mitgeteilt. Das Tragen einer auff\u00e4lligen Badekappe ist Pflicht, da es die Sicherung durch die Wasserwacht erleichtert. Im Teilnehmerbeutel liegt eine mainathlon Badekappe bei.<\/p>\n<p>Gestartet wird im Wasser, hinter einer Leine. Diese wird beim Startschuss angehoben um unter ihr hindurch zu schwimmen. Es wird auf der rechten Seite bis zur Wendeboje geschwommen um dann auf der linken Seite zur\u00fcck zum Ausstieg zu gelangen. Beim Ausstieg stehen Helfer bereit um zu unterst\u00fctzen.<\/p>\n<p>[\/et_pb_accordion_item][et_pb_accordion_item title=&#8220;Erster Wechsel (T1)&#8220; icon_color=&#8220;#7f7f7f&#8220; _builder_version=&#8220;4.27.2&#8243; icon_color__hover=&#8220;#7b0a03&#8243; icon_color__hover_enabled=&#8220;on|hover&#8220; global_colors_info=&#8220;{}&#8220; toggle_text_color__hover_enabled=&#8220;on|hover&#8220; toggle_text_color__hover=&#8220;#474747&#8243; open=&#8220;off&#8220;]<\/p>\n<p>ach dem Schwimmen betritt man zum ersten mal die Wechselzone.\u00a0<\/p>\n<p>Staffel-Radfahrer stehen bereit um den ProChip in empfang zu nehmen. Helm und sonstige Ausr\u00fcstung darf bereits getragen werden. Nach erhalt des Zeitmesschips kann das Fahrrad geholt werden.<\/p>\n<p>Einzelstarter begeben sich zu Ihrer Box und wechseln entsprechend ihre Ausr\u00fcstung.\u00a0\u00a0<\/p>\n<p>Das Rad darf nur mit getragenem und geschlossenem Helm abgehangen werden! Aufgestiegen werden darf erst nach verlassen der Wechselzone hinter einem Balken.\u00a0<\/p>\n<p>[\/et_pb_accordion_item][et_pb_accordion_item title=&#8220;Radfahren&#8220; icon_color=&#8220;#7f7f7f&#8220; _builder_version=&#8220;4.27.2&#8243; icon_color__hover=&#8220;#7b0a03&#8243; icon_color__hover_enabled=&#8220;on|hover&#8220; global_colors_info=&#8220;{}&#8220; toggle_text_color__hover_enabled=&#8220;on|hover&#8220; toggle_text_color__hover=&#8220;#474747&#8243; open=&#8220;off&#8220;]<\/p>\n<p>Dann geht es auf die Radstrecke. Es sind 28 km mit ca. 600 hm zu bew\u00e4ltigen. Gr\u00f6\u00dftenteils sind geteerte oder geschotterte Feld- und Waldwege zu befahren. Teilweise kreuzt die Radstrecke allerdings auch befahrene Stra\u00dfen. Hier gilt: Die Feuerwehr ist im Einsatz um Stra\u00dfen bestm\u00f6glich zu sichern, es gilt dennoch die StVgo. <br \/>Einige Abfahrten enden in engeren Kurven. An diesen gef\u00e4hrlichen Stellen sind Helfer positioniert, um davor zu warnen. Nehmt diese Warnungen ernst, um unn\u00f6tige Verletzungen zu vermeiden.<\/p>\n<p>Es gibt keine Regeln bez\u00fcglich Windschatten fahren. Die gew\u00e4hlte Strecke besteht vor allem aus Anstiegen und Abfahrten, was eine solchen Einschr\u00e4nkung \u00fcberfl\u00fcssig macht.<\/p>\n<p>Beim erreichen der Wechselzone ist ein weiterer Balken angebracht. Es muss vor diesem Abgestiegen werden und das Rad in die Wechselzone geschoben werden.\u00a0<\/p>\n<p>[\/et_pb_accordion_item][et_pb_accordion_item title=&#8220;Zweiter Wechsel (T2)&#8220; _builder_version=&#8220;4.27.2&#8243; _module_preset=&#8220;default&#8220; global_colors_info=&#8220;{}&#8220; open=&#8220;off&#8220;]<\/p>\n<p>Staffelteilnehmer h\u00e4ngen erst das Rad auf und \u00fcbergeben dann den ProChip. Der L\u00e4ufer der Staffel darf nach erhalt des Chips auf die Laufstrecke.\u00a0<\/p>\n<p>Einzelstarter h\u00e4ngen das Rad auf und wechseln dann wieder ihre Ausr\u00fcstung f\u00fcrs Laufen.<\/p>\n<p>Wichtig: Der Helm darf erst nach dem Aufh\u00e4ngen des Rades abgenommen werden.\u00a0<\/p>\n<p>[\/et_pb_accordion_item][et_pb_accordion_item title=&#8220;Laufen&#8220; _builder_version=&#8220;4.27.2&#8243; _module_preset=&#8220;default&#8220; global_colors_info=&#8220;{}&#8220; open=&#8220;off&#8220;]<\/p>\n<p>In der letzten Disziplin sind 7,8 km zu absolvieren. Dabei gilt es den Anstieg zur Wallburg \u00fcber Treppen zu bew\u00e4ltigen. Oben angekommen befindet sich eine Verpflegungsstation.<\/p>\n<p>[\/et_pb_accordion_item][\/et_pb_accordion][\/et_pb_column][\/et_pb_row][et_pb_row _builder_version=&#8220;4.27.4&#8243; _module_preset=&#8220;default&#8220; global_colors_info=&#8220;{}&#8220;][et_pb_column type=&#8220;4_4&#8243; _builder_version=&#8220;4.27.4&#8243; _module_preset=&#8220;default&#8220; global_colors_info=&#8220;{}&#8220;][et_pb_text _builder_version=&#8220;4.27.4&#8243; _module_preset=&#8220;default&#8220; text_text_color=&#8220;#000000&#8243; text_font_size=&#8220;17px&#8220; global_colors_info=&#8220;{}&#8220;]<\/p>\n<p>Wir konnten deine Frage noch nicht beantworten?<\/p>\n<p>Dann kontatktiere uns unter<span>\u00a0<\/span><span><a href=\"mailto:info@mainathlon.de\" title=\"mailto:info@mainathlon.de\">info@mainathlon.de<\/a><\/span><span>\u00a0<\/span>wir helfen dir gerne weiter!<\/p>\n<p>[\/et_pb_text][\/et_pb_column][\/et_pb_row][\/et_pb_section]<\/p>\n","protected":false},"excerpt":{"rendered":"<p>FAQIm Vorfeld:Die Anmeldung ist ab dem 01.01.2025 hier verf\u00fcgbar.\u00a0Eine Staffel wird i.d.R. aus drei Athleten gebildet. Es m\u00fcssen jedoch mindestens zwei Teilnehmer an den Start gehen (SpO \u00a753.2). Einer der Teilnehmer darf dabei auch zwei aufeinander folgende Strecken absolvieren. Nach \u00a7 53.3 d\u00fcrfen Jugendliche vor Vollendung des 18. Lebensjahres jedoch keine zwei Einzeldisziplinen nacheinander absolvieren!Die [&hellip;]<\/p>\n","protected":false},"author":1,"featured_media":0,"parent":0,"menu_order":0,"comment_status":"closed","ping_status":"closed","template":"","meta":{"_et_pb_use_builder":"on","_et_pb_old_content":"","_et_gb_content_width":"","footnotes":""},"class_list":["post-276","page","type-page","status-publish","hentry"],"_links":{"self":[{"href":"https:\/\/mainathlon.de\/home\/wp-json\/wp\/v2\/pages\/276","targetHints":{"allow":["GET"]}}],"collection":[{"href":"https:\/\/mainathlon.de\/home\/wp-json\/wp\/v2\/pages"}],"about":[{"href":"https:\/\/mainathlon.de\/home\/wp-json\/wp\/v2\/types\/page"}],"author":[{"embeddable":true,"href":"https:\/\/mainathlon.de\/home\/wp-json\/wp\/v2\/users\/1"}],"replies":[{"embeddable":true,"href":"https:\/\/mainathlon.de\/home\/wp-json\/wp\/v2\/comments?post=276"}],"version-history":[{"count":18,"href":"https:\/\/mainathlon.de\/home\/wp-json\/wp\/v2\/pages\/276\/revisions"}],"predecessor-version":[{"id":2072,"href":"https:\/\/mainathlon.de\/home\/wp-json\/wp\/v2\/pages\/276\/revisions\/2072"}],"wp:attachment":[{"href":"https:\/\/mainathlon.de\/home\/wp-json\/wp\/v2\/media?parent=276"}],"curies":[{"name":"wp","href":"https:\/\/api.w.org\/{rel}","templated":true}]}}